{"id":1712,"date":"2019-05-14T13:25:15","date_gmt":"2019-05-14T11:25:15","guid":{"rendered":"https:\/\/cybul.eu\/shop\/mazda-mx5-na-i-nb-mocowanie-fotela-kubelkowego\/"},"modified":"2025-06-05T11:56:34","modified_gmt":"2025-06-05T09:56:34","slug":"mazda-mx5-na-i-nb-mocowanie-fotela-kubelkowego","status":"publish","type":"product","link":"https:\/\/cybul.eu\/pl\/sklep\/mazda-mx5-na-i-nb-mocowanie-fotela-kubelkowego\/","title":{"rendered":"Mazda MX5 NA i NB mocowanie fotela kube\u0142kowego"},"content":{"rendered":"<p>Kompatybilne z wi\u0119kszo\u015bci\u0105 foteli kube\u0142kowych, z bocznymi mocowaniami. Dzi\u0119ki du\u017cej ilo\u015bci otwor\u00f3w monta\u017cowych, umo\u017cliwia ustawienie fotela ty\u0142-prz\u00f3d, oraz g\u00f3ra-d\u00f3\u0142.<\/p>\n<p>W najni\u017cszym ustawieniu fotel dotyka pod\u0142ogi. Dzi\u0119ki temu, nawet wysoki kierowca, znajdzie optymaln\u0105 pozycj\u0119 za kierownic\u0105.<\/p>\n<p>Produkt uniwersalny &#8211; pasuje na stron\u0119 kierowcy i pasa\u017cera.<\/p>\n<p>Wyci\u0119te laserem ze stali E355 o grubo\u015bci 4mm, gi\u0119te na maszynach CNC. Produkt lakierowany proszkowo na metaliczny grafit.<\/p>\n","protected":false},"excerpt":{"rendered":"<p>Umo\u017cliwia monta\u017c fotela kube\u0142kowego w MX5<\/p>\n","protected":false},"featured_media":24376,"comment_status":"open","ping_status":"open","template":"","meta":[],"product_cat":[387,388,284],"product_tag":[346,369],"class_list":{"0":"post-1712","1":"product","2":"type-product","3":"status-publish","4":"has-post-thumbnail","6":"product_cat-mx5-na-pl","7":"product_cat-mx5-nb-pl","8":"product_cat-mazda-pl","9":"product_tag-mx5-pl","10":"product_tag-mx5-safety-pl","12":"first","13":"instock","14":"taxable","15":"shipping-taxable","16":"purchasable","17":"product-type-simple"},"bundled_by":[],"bundle_stock_status":"instock","bundle_stock_quantity":null,"bundle_virtual":false,"bundle_layout":"","bundle_add_to_cart_form_location":"","bundle_editable_in_cart":false,"bundle_sold_individually_context":"","bundle_item_grouping":"","bundle_min_size":"","bundle_max_size":"","bundle_price":[],"bundled_items":[],"bundle_sell_ids":[],"acf":{"zdjecie_bez_watermarka":null,"zdjecie_bez_watermarka_url":"","product_orgin_url":""},"yoast_head":"<!-- This site is optimized with the Yoast SEO plugin v23.9 - https:\/\/yoast.com\/wordpress\/plugins\/seo\/ -->\n<title>Mazda MX5 NA i NB mocowanie fotela kube\u0142kowego - CYBUL<\/title>\n<meta name=\"robots\" content=\"index, follow, max-snippet:-1, max-image-preview:large, max-video-preview:-1\" \/>\n<link rel=\"canonical\" href=\"https:\/\/cybul.eu\/pl\/sklep\/mazda-mx5-na-i-nb-mocowanie-fotela-kubelkowego\/\" \/>\n<meta property=\"og:locale\" content=\"pl_PL\" \/>\n<meta property=\"og:type\" content=\"article\" \/>\n<meta property=\"og:title\" content=\"Mazda MX5 NA i NB mocowanie fotela kube\u0142kowego - CYBUL\" \/>\n<meta property=\"og:description\" content=\"Umo\u017cliwia monta\u017c fotela kube\u0142kowego w MX5\" \/>\n<meta property=\"og:url\" content=\"https:\/\/cybul.eu\/pl\/sklep\/mazda-mx5-na-i-nb-mocowanie-fotela-kubelkowego\/\" \/>\n<meta property=\"og:site_name\" content=\"CYBUL\" \/>\n<meta property=\"article:modified_time\" content=\"2025-06-05T09:56:34+00:00\" \/>\n<meta property=\"og:image\" content=\"https:\/\/cybul.eu\/wp-content\/uploads\/2025\/04\/MAZDA-MX-5-MOCOWANIE-FOTELI_MAZDA-MX5-SEAT-BRACKET_mod.jpg\" \/>\n\t<meta property=\"og:image:width\" content=\"800\" \/>\n\t<meta property=\"og:image:height\" content=\"800\" \/>\n\t<meta property=\"og:image:type\" content=\"image\/jpeg\" \/>\n<meta name=\"twitter:card\" content=\"summary_large_image\" \/>\n<script type=\"application\/ld+json\" class=\"yoast-schema-graph\">{\"@context\":\"https:\/\/schema.org\",\"@graph\":[{\"@type\":\"WebPage\",\"@id\":\"https:\/\/cybul.eu\/pl\/sklep\/mazda-mx5-na-i-nb-mocowanie-fotela-kubelkowego\/\",\"url\":\"https:\/\/cybul.eu\/pl\/sklep\/mazda-mx5-na-i-nb-mocowanie-fotela-kubelkowego\/\",\"name\":\"Mazda MX5 NA i NB mocowanie fotela kube\u0142kowego - CYBUL\",\"isPartOf\":{\"@id\":\"https:\/\/cybul.eu\/pl\/#website\"},\"primaryImageOfPage\":{\"@id\":\"https:\/\/cybul.eu\/pl\/sklep\/mazda-mx5-na-i-nb-mocowanie-fotela-kubelkowego\/#primaryimage\"},\"image\":{\"@id\":\"https:\/\/cybul.eu\/pl\/sklep\/mazda-mx5-na-i-nb-mocowanie-fotela-kubelkowego\/#primaryimage\"},\"thumbnailUrl\":\"https:\/\/cybul.eu\/wp-content\/uploads\/2025\/04\/MAZDA-MX-5-MOCOWANIE-FOTELI_MAZDA-MX5-SEAT-BRACKET_mod.jpg\",\"datePublished\":\"2019-05-14T11:25:15+00:00\",\"dateModified\":\"2025-06-05T09:56:34+00:00\",\"breadcrumb\":{\"@id\":\"https:\/\/cybul.eu\/pl\/sklep\/mazda-mx5-na-i-nb-mocowanie-fotela-kubelkowego\/#breadcrumb\"},\"inLanguage\":\"pl-PL\",\"potentialAction\":[{\"@type\":\"ReadAction\",\"target\":[\"https:\/\/cybul.eu\/pl\/sklep\/mazda-mx5-na-i-nb-mocowanie-fotela-kubelkowego\/\"]}]},{\"@type\":\"ImageObject\",\"inLanguage\":\"pl-PL\",\"@id\":\"https:\/\/cybul.eu\/pl\/sklep\/mazda-mx5-na-i-nb-mocowanie-fotela-kubelkowego\/#primaryimage\",\"url\":\"https:\/\/cybul.eu\/wp-content\/uploads\/2025\/04\/MAZDA-MX-5-MOCOWANIE-FOTELI_MAZDA-MX5-SEAT-BRACKET_mod.jpg\",\"contentUrl\":\"https:\/\/cybul.eu\/wp-content\/uploads\/2025\/04\/MAZDA-MX-5-MOCOWANIE-FOTELI_MAZDA-MX5-SEAT-BRACKET_mod.jpg\",\"width\":800,\"height\":800},{\"@type\":\"BreadcrumbList\",\"@id\":\"https:\/\/cybul.eu\/pl\/sklep\/mazda-mx5-na-i-nb-mocowanie-fotela-kubelkowego\/#breadcrumb\",\"itemListElement\":[{\"@type\":\"ListItem\",\"position\":1,\"name\":\"Strona g\u0142\u00f3wna\",\"item\":\"https:\/\/cybul.eu\/pl\/\"},{\"@type\":\"ListItem\",\"position\":2,\"name\":\"Sklep\",\"item\":\"https:\/\/cybul.eu\/pl\/sklep\/\"},{\"@type\":\"ListItem\",\"position\":3,\"name\":\"Mazda MX5 NA i NB mocowanie fotela kube\u0142kowego\"}]},{\"@type\":\"WebSite\",\"@id\":\"https:\/\/cybul.eu\/pl\/#website\",\"url\":\"https:\/\/cybul.eu\/pl\/\",\"name\":\"CYBUL\",\"description\":\"\",\"potentialAction\":[{\"@type\":\"SearchAction\",\"target\":{\"@type\":\"EntryPoint\",\"urlTemplate\":\"https:\/\/cybul.eu\/pl\/?s={search_term_string}\"},\"query-input\":{\"@type\":\"PropertyValueSpecification\",\"valueRequired\":true,\"valueName\":\"search_term_string\"}}],\"inLanguage\":\"pl-PL\"}]}<\/script>\n<!-- \/ Yoast SEO plugin. -->","yoast_head_json":{"title":"Mazda MX5 NA i NB mocowanie fotela kube\u0142kowego - CYBUL","robots":{"index":"index","follow":"follow","max-snippet":"max-snippet:-1","max-image-preview":"max-image-preview:large","max-video-preview":"max-video-preview:-1"},"canonical":"https:\/\/cybul.eu\/pl\/sklep\/mazda-mx5-na-i-nb-mocowanie-fotela-kubelkowego\/","og_locale":"pl_PL","og_type":"article","og_title":"Mazda MX5 NA i NB mocowanie fotela kube\u0142kowego - CYBUL","og_description":"Umo\u017cliwia monta\u017c fotela kube\u0142kowego w MX5","og_url":"https:\/\/cybul.eu\/pl\/sklep\/mazda-mx5-na-i-nb-mocowanie-fotela-kubelkowego\/","og_site_name":"CYBUL","article_modified_time":"2025-06-05T09:56:34+00:00","og_image":[{"width":800,"height":800,"url":"https:\/\/cybul.eu\/wp-content\/uploads\/2025\/04\/MAZDA-MX-5-MOCOWANIE-FOTELI_MAZDA-MX5-SEAT-BRACKET_mod.jpg","type":"image\/jpeg"}],"twitter_card":"summary_large_image","schema":{"@context":"https:\/\/schema.org","@graph":[{"@type":"WebPage","@id":"https:\/\/cybul.eu\/pl\/sklep\/mazda-mx5-na-i-nb-mocowanie-fotela-kubelkowego\/","url":"https:\/\/cybul.eu\/pl\/sklep\/mazda-mx5-na-i-nb-mocowanie-fotela-kubelkowego\/","name":"Mazda MX5 NA i NB mocowanie fotela kube\u0142kowego - CYBUL","isPartOf":{"@id":"https:\/\/cybul.eu\/pl\/#website"},"primaryImageOfPage":{"@id":"https:\/\/cybul.eu\/pl\/sklep\/mazda-mx5-na-i-nb-mocowanie-fotela-kubelkowego\/#primaryimage"},"image":{"@id":"https:\/\/cybul.eu\/pl\/sklep\/mazda-mx5-na-i-nb-mocowanie-fotela-kubelkowego\/#primaryimage"},"thumbnailUrl":"https:\/\/cybul.eu\/wp-content\/uploads\/2025\/04\/MAZDA-MX-5-MOCOWANIE-FOTELI_MAZDA-MX5-SEAT-BRACKET_mod.jpg","datePublished":"2019-05-14T11:25:15+00:00","dateModified":"2025-06-05T09:56:34+00:00","breadcrumb":{"@id":"https:\/\/cybul.eu\/pl\/sklep\/mazda-mx5-na-i-nb-mocowanie-fotela-kubelkowego\/#breadcrumb"},"inLanguage":"pl-PL","potentialAction":[{"@type":"ReadAction","target":["https:\/\/cybul.eu\/pl\/sklep\/mazda-mx5-na-i-nb-mocowanie-fotela-kubelkowego\/"]}]},{"@type":"ImageObject","inLanguage":"pl-PL","@id":"https:\/\/cybul.eu\/pl\/sklep\/mazda-mx5-na-i-nb-mocowanie-fotela-kubelkowego\/#primaryimage","url":"https:\/\/cybul.eu\/wp-content\/uploads\/2025\/04\/MAZDA-MX-5-MOCOWANIE-FOTELI_MAZDA-MX5-SEAT-BRACKET_mod.jpg","contentUrl":"https:\/\/cybul.eu\/wp-content\/uploads\/2025\/04\/MAZDA-MX-5-MOCOWANIE-FOTELI_MAZDA-MX5-SEAT-BRACKET_mod.jpg","width":800,"height":800},{"@type":"BreadcrumbList","@id":"https:\/\/cybul.eu\/pl\/sklep\/mazda-mx5-na-i-nb-mocowanie-fotela-kubelkowego\/#breadcrumb","itemListElement":[{"@type":"ListItem","position":1,"name":"Strona g\u0142\u00f3wna","item":"https:\/\/cybul.eu\/pl\/"},{"@type":"ListItem","position":2,"name":"Sklep","item":"https:\/\/cybul.eu\/pl\/sklep\/"},{"@type":"ListItem","position":3,"name":"Mazda MX5 NA i NB mocowanie fotela kube\u0142kowego"}]},{"@type":"WebSite","@id":"https:\/\/cybul.eu\/pl\/#website","url":"https:\/\/cybul.eu\/pl\/","name":"CYBUL","description":"","potentialAction":[{"@type":"SearchAction","target":{"@type":"EntryPoint","urlTemplate":"https:\/\/cybul.eu\/pl\/?s={search_term_string}"},"query-input":{"@type":"PropertyValueSpecification","valueRequired":true,"valueName":"search_term_string"}}],"inLanguage":"pl-PL"}]}},"_links":{"self":[{"href":"https:\/\/cybul.eu\/pl\/wp-json\/wp\/v2\/product\/1712","targetHints":{"allow":["GET"]}}],"collection":[{"href":"https:\/\/cybul.eu\/pl\/wp-json\/wp\/v2\/product"}],"about":[{"href":"https:\/\/cybul.eu\/pl\/wp-json\/wp\/v2\/types\/product"}],"replies":[{"embeddable":true,"href":"https:\/\/cybul.eu\/pl\/wp-json\/wp\/v2\/comments?post=1712"}],"wp:featuredmedia":[{"embeddable":true,"href":"https:\/\/cybul.eu\/pl\/wp-json\/wp\/v2\/media\/24376"}],"wp:attachment":[{"href":"https:\/\/cybul.eu\/pl\/wp-json\/wp\/v2\/media?parent=1712"}],"wp:term":[{"taxonomy":"product_cat","embeddable":true,"href":"https:\/\/cybul.eu\/pl\/wp-json\/wp\/v2\/product_cat?post=1712"},{"taxonomy":"product_tag","embeddable":true,"href":"https:\/\/cybul.eu\/pl\/wp-json\/wp\/v2\/product_tag?post=1712"}],"curies":[{"name":"wp","href":"https:\/\/api.w.org\/{rel}","templated":true}]}}

Mazda MX5 NA i NB mocowanie fotela kubełkowego

<p>Kompatybilne z większością foteli kubełkowych, z bocznymi mocowaniami. Dzięki dużej ilości otworów montażowych, umożliwia ustawienie fotela tył-przód, oraz góra-dół.</p>
<p>W najniższym ustawieniu fotel dotyka podłogi. Dzięki temu, nawet wysoki kierowca, znajdzie optymalną pozycję za kierownicą.</p>
<p>Produkt uniwersalny &#8211; pasuje na stronę kierowcy i pasażera.</p>
<p>Wycięte laserem ze stali E355 o grubości 4mm, gięte na maszynach CNC. Produkt lakierowany proszkowo na metaliczny grafit.</p>

<p>Umożliwia montaż fotela kubełkowego w MX5</p>

<!-- This site is optimized with the Yoast SEO plugin v23.9 - https://yoast.com/wordpress/plugins/seo/ -->
<title>Mazda MX5 NA i NB mocowanie fotela kubełkowego - CYBUL</title>
<meta name="robots" content="index, follow, max-snippet:-1, max-image-preview:large, max-video-preview:-1" />
<link rel="canonical" href="https://cybul.eu/pl/sklep/mazda-mx5-na-i-nb-mocowanie-fotela-kubelkowego/" />
<meta property="og:locale" content="pl_PL" />
<meta property="og:type" content="article" />
<meta property="og:title" content="Mazda MX5 NA i NB mocowanie fotela kubełkowego - CYBUL" />
<meta property="og:description" content="Umożliwia montaż fotela kubełkowego w MX5" />
<meta property="og:url" content="https://cybul.eu/pl/sklep/mazda-mx5-na-i-nb-mocowanie-fotela-kubelkowego/" />
<meta property="og:site_name" content="CYBUL" />
<meta property="article:modified_time" content="2025-06-05T09:56:34+00:00" />
<meta property="og:image" content="https://cybul.eu/wp-content/uploads/2025/04/MAZDA-MX-5-MOCOWANIE-FOTELI_MAZDA-MX5-SEAT-BRACKET_mod.jpg" />
	<meta property="og:image:width" content="800" />
	<meta property="og:image:height" content="800" />
	<meta property="og:image:type" content="image/jpeg" />
<meta name="twitter:card" content="summary_large_image" />
<script type="application/ld+json" class="yoast-schema-graph">{"@context":"https://schema.org","@graph":[{"@type":"WebPage","@id":"https://cybul.eu/pl/sklep/mazda-mx5-na-i-nb-mocowanie-fotela-kubelkowego/","url":"https://cybul.eu/pl/sklep/mazda-mx5-na-i-nb-mocowanie-fotela-kubelkowego/","name":"Mazda MX5 NA i NB mocowanie fotela kubełkowego - CYBUL","isPartOf":{"@id":"https://cybul.eu/pl/#website"},"primaryImageOfPage":{"@id":"https://cybul.eu/pl/sklep/mazda-mx5-na-i-nb-mocowanie-fotela-kubelkowego/#primaryimage"},"image":{"@id":"https://cybul.eu/pl/sklep/mazda-mx5-na-i-nb-mocowanie-fotela-kubelkowego/#primaryimage"},"thumbnailUrl":"https://cybul.eu/wp-content/uploads/2025/04/MAZDA-MX-5-MOCOWANIE-FOTELI_MAZDA-MX5-SEAT-BRACKET_mod.jpg","datePublished":"2019-05-14T11:25:15+00:00","dateModified":"2025-06-05T09:56:34+00:00","breadcrumb":{"@id":"https://cybul.eu/pl/sklep/mazda-mx5-na-i-nb-mocowanie-fotela-kubelkowego/#breadcrumb"},"inLanguage":"pl-PL","potentialAction":[{"@type":"ReadAction","target":["https://cybul.eu/pl/sklep/mazda-mx5-na-i-nb-mocowanie-fotela-kubelkowego/"]}]},{"@type":"ImageObject","inLanguage":"pl-PL","@id":"https://cybul.eu/pl/sklep/mazda-mx5-na-i-nb-mocowanie-fotela-kubelkowego/#primaryimage","url":"https://cybul.eu/wp-content/uploads/2025/04/MAZDA-MX-5-MOCOWANIE-FOTELI_MAZDA-MX5-SEAT-BRACKET_mod.jpg","contentUrl":"https://cybul.eu/wp-content/uploads/2025/04/MAZDA-MX-5-MOCOWANIE-FOTELI_MAZDA-MX5-SEAT-BRACKET_mod.jpg","width":800,"height":800},{"@type":"BreadcrumbList","@id":"https://cybul.eu/pl/sklep/mazda-mx5-na-i-nb-mocowanie-fotela-kubelkowego/#breadcrumb","itemListElement":[{"@type":"ListItem","position":1,"name":"Strona główna","item":"https://cybul.eu/pl/"},{"@type":"ListItem","position":2,"name":"Sklep","item":"https://cybul.eu/pl/sklep/"},{"@type":"ListItem","position":3,"name":"Mazda MX5 NA i NB mocowanie fotela kubełkowego"}]},{"@type":"WebSite","@id":"https://cybul.eu/pl/#website","url":"https://cybul.eu/pl/","name":"CYBUL","description":"","potentialAction":[{"@type":"SearchAction","target":{"@type":"EntryPoint","urlTemplate":"https://cybul.eu/pl/?s={search_term_string}"},"query-input":{"@type":"PropertyValueSpecification","valueRequired":true,"valueName":"search_term_string"}}],"inLanguage":"pl-PL"}]}</script>
<!-- / Yoast SEO plugin. -->

Mazda MX5 NA i NB mocowanie fotela kubełkowego - CYBUL

Umożliwia montaż fotela kubełkowego w MX5

Strona główna
