{"id":13134,"date":"2024-06-11T17:14:32","date_gmt":"2024-06-11T15:14:32","guid":{"rendered":"https:\/\/cybul.eu\/shop\/kombinezon-sparco-vintage\/"},"modified":"2024-06-11T17:15:04","modified_gmt":"2024-06-11T15:15:04","slug":"kombinezon-sparco-vintage","status":"publish","type":"product","link":"https:\/\/cybul.eu\/pl\/sklep\/kombinezon-sparco-vintage\/","title":{"rendered":"KOMBINEZON SPARCO VINTAGE"},"content":{"rendered":"<p><strong>Kombinezon Sparco&nbsp;Vintage<br \/><\/strong><br \/>Homologacja: <strong>FIA 8856-2018<\/strong><\/p>\n<p>Kombinezon dla zawodnik\u00f3w ceni\u0105cych sobie najwy\u017csz\u0105 jako\u015b\u0107 i unikalny wygl\u0105d.<br \/>Design stylizowany na lata 60-te oraz 70-te.<\/p>\n<p>&#8211; 3 warstwy najwy\u017cszej jako\u015bci materia\u0142u Nomex<br \/>&#8211; Ko\u0142nierz wyko\u0144czony mi\u0119kk\u0105 dzianin\u0105<br \/>&#8211; Elastyczne panele Nomex dopasowuj\u0105ce kombinezon do sylwetki<br \/>&#8211; Waga: 360-390 g\/m\u00b2<span style=\"color: #ff0000;\"><strong><\/p>\n<p><img loading=\"lazy\" decoding=\"async\" style=\"display: block; margin-left: auto; margin-right: auto;\" src=\"\/data\/include\/cms\/rozmiary\/Sparco\/2018\/tabela_kombinezony.jpg\" border=\"0\" alt=\"\" width=\"1539\" height=\"515\"><br \/><\/strong><\/span><\/p>\n","protected":false},"excerpt":{"rendered":"<p><strong>Kombinezon Sparco&nbsp;Vintage<br \/><\/strong><br \/>Homologacja: <strong>FIA 8856-2018<\/strong><\/p>\n<p>Kombinezon dla zawodnik\u00f3w ceni\u0105cych sobie najwy\u017csz\u0105 jako\u015b\u0107 i unikalny wygl\u0105d.<br \/>Design stylizowany na lata 60-te oraz 70-te.<\/p>\n<p>&#8211; 3 warstwy najwy\u017cszej jako\u015bci materia\u0142u Nomex<br \/>&#8211; Ko\u0142nierz wyko\u0144czony mi\u0119kk\u0105 dzianin\u0105<br \/>&#8211; Elastyczne panele Nomex dopasowuj\u0105ce kombinezon do sylwetki<br \/>&#8211; Waga: 360-390 g\/m\u00b2<span style=\"color: #ff0000;\"><strong><\/p>\n<p><img loading=\"lazy\" decoding=\"async\" style=\"display: block; margin-left: auto; margin-right: auto;\" src=\"\/data\/include\/cms\/rozmiary\/Sparco\/2018\/tabela_kombinezony.jpg\" border=\"0\" alt=\"\" width=\"1539\" height=\"515\"><br \/><\/strong><\/span><\/p>\n","protected":false},"featured_media":12908,"comment_status":"closed","ping_status":"open","template":"","meta":[],"product_cat":[564,560],"product_tag":[],"class_list":{"0":"post-13134","1":"product","2":"type-product","3":"status-publish","4":"has-post-thumbnail","6":"product_cat-kombinezony-rajdowe","7":"product_cat-odziez-rajdowa-fia","9":"first","10":"instock","11":"taxable","12":"shipping-taxable","13":"purchasable","14":"product-type-simple"},"bundled_by":[],"bundle_stock_status":"instock","bundle_stock_quantity":null,"bundle_virtual":false,"bundle_layout":"","bundle_add_to_cart_form_location":"","bundle_editable_in_cart":false,"bundle_sold_individually_context":"","bundle_item_grouping":"","bundle_min_size":"","bundle_max_size":"","bundle_price":[],"bundled_items":[],"bundle_sell_ids":[],"acf":{"zdjecie_bez_watermarka":null,"zdjecie_bez_watermarka_url":"","product_orgin_url":"https:\/\/inter-rally.pl\/product-eng-29570-Kombinezon-Sparco-Vintage.html"},"yoast_head":"<!-- This site is optimized with the Yoast SEO plugin v23.9 - https:\/\/yoast.com\/wordpress\/plugins\/seo\/ -->\n<title>KOMBINEZON SPARCO VINTAGE - CYBUL<\/title>\n<meta name=\"robots\" content=\"index, follow, max-snippet:-1, max-image-preview:large, max-video-preview:-1\" \/>\n<link rel=\"canonical\" href=\"https:\/\/cybul.eu\/pl\/sklep\/kombinezon-sparco-vintage\/\" \/>\n<meta property=\"og:locale\" content=\"pl_PL\" \/>\n<meta property=\"og:type\" content=\"article\" \/>\n<meta property=\"og:title\" content=\"KOMBINEZON SPARCO VINTAGE - CYBUL\" \/>\n<meta property=\"og:description\" content=\"Kombinezon Sparco&nbsp;VintageHomologacja: FIA 8856-2018Kombinezon dla zawodnik\u00f3w ceni\u0105cych sobie najwy\u017csz\u0105 jako\u015b\u0107 i unikalny wygl\u0105d.Design stylizowany na lata 60-te oraz 70-te.- 3 warstwy najwy\u017cszej jako\u015bci materia\u0142u Nomex- Ko\u0142nierz wyko\u0144czony mi\u0119kk\u0105 dzianin\u0105- Elastyczne panele Nomex dopasowuj\u0105ce kombinezon do sylwetki- Waga: 360-390 g\/m\u00b2\" \/>\n<meta property=\"og:url\" content=\"https:\/\/cybul.eu\/pl\/sklep\/kombinezon-sparco-vintage\/\" \/>\n<meta property=\"og:site_name\" content=\"CYBUL\" \/>\n<meta property=\"article:modified_time\" content=\"2024-06-11T15:15:04+00:00\" \/>\n<meta property=\"og:image\" content=\"https:\/\/cybul.eu\/wp-content\/uploads\/2024\/06\/pol_pl_Kombinezon-Sparco-Vintage-29570_1.jpg\" \/>\n\t<meta property=\"og:image:width\" content=\"900\" \/>\n\t<meta property=\"og:image:height\" content=\"900\" \/>\n\t<meta property=\"og:image:type\" content=\"image\/jpeg\" \/>\n<meta name=\"twitter:card\" content=\"summary_large_image\" \/>\n<script type=\"application\/ld+json\" class=\"yoast-schema-graph\">{\"@context\":\"https:\/\/schema.org\",\"@graph\":[{\"@type\":\"WebPage\",\"@id\":\"https:\/\/cybul.eu\/pl\/sklep\/kombinezon-sparco-vintage\/\",\"url\":\"https:\/\/cybul.eu\/pl\/sklep\/kombinezon-sparco-vintage\/\",\"name\":\"KOMBINEZON SPARCO VINTAGE - CYBUL\",\"isPartOf\":{\"@id\":\"https:\/\/cybul.eu\/pl\/#website\"},\"primaryImageOfPage\":{\"@id\":\"https:\/\/cybul.eu\/pl\/sklep\/kombinezon-sparco-vintage\/#primaryimage\"},\"image\":{\"@id\":\"https:\/\/cybul.eu\/pl\/sklep\/kombinezon-sparco-vintage\/#primaryimage\"},\"thumbnailUrl\":\"https:\/\/cybul.eu\/wp-content\/uploads\/2024\/06\/pol_pl_Kombinezon-Sparco-Vintage-29570_1.jpg\",\"datePublished\":\"2024-06-11T15:14:32+00:00\",\"dateModified\":\"2024-06-11T15:15:04+00:00\",\"breadcrumb\":{\"@id\":\"https:\/\/cybul.eu\/pl\/sklep\/kombinezon-sparco-vintage\/#breadcrumb\"},\"inLanguage\":\"pl-PL\",\"potentialAction\":[{\"@type\":\"ReadAction\",\"target\":[\"https:\/\/cybul.eu\/pl\/sklep\/kombinezon-sparco-vintage\/\"]}]},{\"@type\":\"ImageObject\",\"inLanguage\":\"pl-PL\",\"@id\":\"https:\/\/cybul.eu\/pl\/sklep\/kombinezon-sparco-vintage\/#primaryimage\",\"url\":\"https:\/\/cybul.eu\/wp-content\/uploads\/2024\/06\/pol_pl_Kombinezon-Sparco-Vintage-29570_1.jpg\",\"contentUrl\":\"https:\/\/cybul.eu\/wp-content\/uploads\/2024\/06\/pol_pl_Kombinezon-Sparco-Vintage-29570_1.jpg\",\"width\":900,\"height\":900},{\"@type\":\"BreadcrumbList\",\"@id\":\"https:\/\/cybul.eu\/pl\/sklep\/kombinezon-sparco-vintage\/#breadcrumb\",\"itemListElement\":[{\"@type\":\"ListItem\",\"position\":1,\"name\":\"Strona g\u0142\u00f3wna\",\"item\":\"https:\/\/cybul.eu\/pl\/\"},{\"@type\":\"ListItem\",\"position\":2,\"name\":\"Sklep\",\"item\":\"https:\/\/cybul.eu\/pl\/sklep\/\"},{\"@type\":\"ListItem\",\"position\":3,\"name\":\"KOMBINEZON SPARCO VINTAGE\"}]},{\"@type\":\"WebSite\",\"@id\":\"https:\/\/cybul.eu\/pl\/#website\",\"url\":\"https:\/\/cybul.eu\/pl\/\",\"name\":\"CYBUL\",\"description\":\"\",\"potentialAction\":[{\"@type\":\"SearchAction\",\"target\":{\"@type\":\"EntryPoint\",\"urlTemplate\":\"https:\/\/cybul.eu\/pl\/?s={search_term_string}\"},\"query-input\":{\"@type\":\"PropertyValueSpecification\",\"valueRequired\":true,\"valueName\":\"search_term_string\"}}],\"inLanguage\":\"pl-PL\"}]}<\/script>\n<!-- \/ Yoast SEO plugin. -->","yoast_head_json":{"title":"KOMBINEZON SPARCO VINTAGE - CYBUL","robots":{"index":"index","follow":"follow","max-snippet":"max-snippet:-1","max-image-preview":"max-image-preview:large","max-video-preview":"max-video-preview:-1"},"canonical":"https:\/\/cybul.eu\/pl\/sklep\/kombinezon-sparco-vintage\/","og_locale":"pl_PL","og_type":"article","og_title":"KOMBINEZON SPARCO VINTAGE - CYBUL","og_description":"Kombinezon Sparco&nbsp;VintageHomologacja: FIA 8856-2018Kombinezon dla zawodnik\u00f3w ceni\u0105cych sobie najwy\u017csz\u0105 jako\u015b\u0107 i unikalny wygl\u0105d.Design stylizowany na lata 60-te oraz 70-te.- 3 warstwy najwy\u017cszej jako\u015bci materia\u0142u Nomex- Ko\u0142nierz wyko\u0144czony mi\u0119kk\u0105 dzianin\u0105- Elastyczne panele Nomex dopasowuj\u0105ce kombinezon do sylwetki- Waga: 360-390 g\/m\u00b2","og_url":"https:\/\/cybul.eu\/pl\/sklep\/kombinezon-sparco-vintage\/","og_site_name":"CYBUL","article_modified_time":"2024-06-11T15:15:04+00:00","og_image":[{"width":900,"height":900,"url":"https:\/\/cybul.eu\/wp-content\/uploads\/2024\/06\/pol_pl_Kombinezon-Sparco-Vintage-29570_1.jpg","type":"image\/jpeg"}],"twitter_card":"summary_large_image","schema":{"@context":"https:\/\/schema.org","@graph":[{"@type":"WebPage","@id":"https:\/\/cybul.eu\/pl\/sklep\/kombinezon-sparco-vintage\/","url":"https:\/\/cybul.eu\/pl\/sklep\/kombinezon-sparco-vintage\/","name":"KOMBINEZON SPARCO VINTAGE - CYBUL","isPartOf":{"@id":"https:\/\/cybul.eu\/pl\/#website"},"primaryImageOfPage":{"@id":"https:\/\/cybul.eu\/pl\/sklep\/kombinezon-sparco-vintage\/#primaryimage"},"image":{"@id":"https:\/\/cybul.eu\/pl\/sklep\/kombinezon-sparco-vintage\/#primaryimage"},"thumbnailUrl":"https:\/\/cybul.eu\/wp-content\/uploads\/2024\/06\/pol_pl_Kombinezon-Sparco-Vintage-29570_1.jpg","datePublished":"2024-06-11T15:14:32+00:00","dateModified":"2024-06-11T15:15:04+00:00","breadcrumb":{"@id":"https:\/\/cybul.eu\/pl\/sklep\/kombinezon-sparco-vintage\/#breadcrumb"},"inLanguage":"pl-PL","potentialAction":[{"@type":"ReadAction","target":["https:\/\/cybul.eu\/pl\/sklep\/kombinezon-sparco-vintage\/"]}]},{"@type":"ImageObject","inLanguage":"pl-PL","@id":"https:\/\/cybul.eu\/pl\/sklep\/kombinezon-sparco-vintage\/#primaryimage","url":"https:\/\/cybul.eu\/wp-content\/uploads\/2024\/06\/pol_pl_Kombinezon-Sparco-Vintage-29570_1.jpg","contentUrl":"https:\/\/cybul.eu\/wp-content\/uploads\/2024\/06\/pol_pl_Kombinezon-Sparco-Vintage-29570_1.jpg","width":900,"height":900},{"@type":"BreadcrumbList","@id":"https:\/\/cybul.eu\/pl\/sklep\/kombinezon-sparco-vintage\/#breadcrumb","itemListElement":[{"@type":"ListItem","position":1,"name":"Strona g\u0142\u00f3wna","item":"https:\/\/cybul.eu\/pl\/"},{"@type":"ListItem","position":2,"name":"Sklep","item":"https:\/\/cybul.eu\/pl\/sklep\/"},{"@type":"ListItem","position":3,"name":"KOMBINEZON SPARCO VINTAGE"}]},{"@type":"WebSite","@id":"https:\/\/cybul.eu\/pl\/#website","url":"https:\/\/cybul.eu\/pl\/","name":"CYBUL","description":"","potentialAction":[{"@type":"SearchAction","target":{"@type":"EntryPoint","urlTemplate":"https:\/\/cybul.eu\/pl\/?s={search_term_string}"},"query-input":{"@type":"PropertyValueSpecification","valueRequired":true,"valueName":"search_term_string"}}],"inLanguage":"pl-PL"}]}},"_links":{"self":[{"href":"https:\/\/cybul.eu\/pl\/wp-json\/wp\/v2\/product\/13134","targetHints":{"allow":["GET"]}}],"collection":[{"href":"https:\/\/cybul.eu\/pl\/wp-json\/wp\/v2\/product"}],"about":[{"href":"https:\/\/cybul.eu\/pl\/wp-json\/wp\/v2\/types\/product"}],"replies":[{"embeddable":true,"href":"https:\/\/cybul.eu\/pl\/wp-json\/wp\/v2\/comments?post=13134"}],"wp:featuredmedia":[{"embeddable":true,"href":"https:\/\/cybul.eu\/pl\/wp-json\/wp\/v2\/media\/12908"}],"wp:attachment":[{"href":"https:\/\/cybul.eu\/pl\/wp-json\/wp\/v2\/media?parent=13134"}],"wp:term":[{"taxonomy":"product_cat","embeddable":true,"href":"https:\/\/cybul.eu\/pl\/wp-json\/wp\/v2\/product_cat?post=13134"},{"taxonomy":"product_tag","embeddable":true,"href":"https:\/\/cybul.eu\/pl\/wp-json\/wp\/v2\/product_tag?post=13134"}],"curies":[{"name":"wp","href":"https:\/\/api.w.org\/{rel}","templated":true}]}}

<p><strong>Kombinezon Sparco&nbsp;Vintage<br /></strong><br />Homologacja: <strong>FIA 8856-2018</strong></p>
<p>Kombinezon dla zawodników ceniących sobie najwyższą jakość i unikalny wygląd.<br />Design stylizowany na lata 60-te oraz 70-te.</p>
<p>&#8211; 3 warstwy najwyższej jakości materiału Nomex<br />&#8211; Kołnierz wykończony miękką dzianiną<br />&#8211; Elastyczne panele Nomex dopasowujące kombinezon do sylwetki<br />&#8211; Waga: 360-390 g/m²<span style="color: #ff0000;"><strong></p>
<p><img loading="lazy" decoding="async" style="display: block; margin-left: auto; margin-right: auto;" src="/data/include/cms/rozmiary/Sparco/2018/tabela_kombinezony.jpg" border="0" alt="" width="1539" height="515"><br /></strong></span></p>

<!-- This site is optimized with the Yoast SEO plugin v23.9 - https://yoast.com/wordpress/plugins/seo/ -->
<title>KOMBINEZON SPARCO VINTAGE - CYBUL</title>
<meta name="robots" content="index, follow, max-snippet:-1, max-image-preview:large, max-video-preview:-1" />
<link rel="canonical" href="https://cybul.eu/pl/sklep/kombinezon-sparco-vintage/" />
<meta property="og:locale" content="pl_PL" />
<meta property="og:type" content="article" />
<meta property="og:title" content="KOMBINEZON SPARCO VINTAGE - CYBUL" />
<meta property="og:description" content="Kombinezon Sparco&nbsp;VintageHomologacja: FIA 8856-2018Kombinezon dla zawodników ceniących sobie najwyższą jakość i unikalny wygląd.Design stylizowany na lata 60-te oraz 70-te.- 3 warstwy najwyższej jakości materiału Nomex- Kołnierz wykończony miękką dzianiną- Elastyczne panele Nomex dopasowujące kombinezon do sylwetki- Waga: 360-390 g/m²" />
<meta property="og:url" content="https://cybul.eu/pl/sklep/kombinezon-sparco-vintage/" />
<meta property="og:site_name" content="CYBUL" />
<meta property="article:modified_time" content="2024-06-11T15:15:04+00:00" />
<meta property="og:image" content="https://cybul.eu/wp-content/uploads/2024/06/pol_pl_Kombinezon-Sparco-Vintage-29570_1.jpg" />
	<meta property="og:image:width" content="900" />
	<meta property="og:image:height" content="900" />
	<meta property="og:image:type" content="image/jpeg" />
<meta name="twitter:card" content="summary_large_image" />
<script type="application/ld+json" class="yoast-schema-graph">{"@context":"https://schema.org","@graph":[{"@type":"WebPage","@id":"https://cybul.eu/pl/sklep/kombinezon-sparco-vintage/","url":"https://cybul.eu/pl/sklep/kombinezon-sparco-vintage/","name":"KOMBINEZON SPARCO VINTAGE - CYBUL","isPartOf":{"@id":"https://cybul.eu/pl/#website"},"primaryImageOfPage":{"@id":"https://cybul.eu/pl/sklep/kombinezon-sparco-vintage/#primaryimage"},"image":{"@id":"https://cybul.eu/pl/sklep/kombinezon-sparco-vintage/#primaryimage"},"thumbnailUrl":"https://cybul.eu/wp-content/uploads/2024/06/pol_pl_Kombinezon-Sparco-Vintage-29570_1.jpg","datePublished":"2024-06-11T15:14:32+00:00","dateModified":"2024-06-11T15:15:04+00:00","breadcrumb":{"@id":"https://cybul.eu/pl/sklep/kombinezon-sparco-vintage/#breadcrumb"},"inLanguage":"pl-PL","potentialAction":[{"@type":"ReadAction","target":["https://cybul.eu/pl/sklep/kombinezon-sparco-vintage/"]}]},{"@type":"ImageObject","inLanguage":"pl-PL","@id":"https://cybul.eu/pl/sklep/kombinezon-sparco-vintage/#primaryimage","url":"https://cybul.eu/wp-content/uploads/2024/06/pol_pl_Kombinezon-Sparco-Vintage-29570_1.jpg","contentUrl":"https://cybul.eu/wp-content/uploads/2024/06/pol_pl_Kombinezon-Sparco-Vintage-29570_1.jpg","width":900,"height":900},{"@type":"BreadcrumbList","@id":"https://cybul.eu/pl/sklep/kombinezon-sparco-vintage/#breadcrumb","itemListElement":[{"@type":"ListItem","position":1,"name":"Strona główna","item":"https://cybul.eu/pl/"},{"@type":"ListItem","position":2,"name":"Sklep","item":"https://cybul.eu/pl/sklep/"},{"@type":"ListItem","position":3,"name":"KOMBINEZON SPARCO VINTAGE"}]},{"@type":"WebSite","@id":"https://cybul.eu/pl/#website","url":"https://cybul.eu/pl/","name":"CYBUL","description":"","potentialAction":[{"@type":"SearchAction","target":{"@type":"EntryPoint","urlTemplate":"https://cybul.eu/pl/?s={search_term_string}"},"query-input":{"@type":"PropertyValueSpecification","valueRequired":true,"valueName":"search_term_string"}}],"inLanguage":"pl-PL"}]}</script>
<!-- / Yoast SEO plugin. -->

Kombinezon Sparco&nbsp;VintageHomologacja: FIA 8856-2018Kombinezon dla zawodników ceniących sobie najwyższą jakość i unikalny wygląd.Design stylizowany na lata 60-te oraz 70-te.- 3 warstwy najwyższej jakości materiału Nomex- Kołnierz wykończony miękką dzianiną- Elastyczne panele Nomex dopasowujące kombinezon do sylwetki- Waga: 360-390 g/m²

Strona główna
