{"id":11269,"date":"2024-06-06T22:29:27","date_gmt":"2024-06-06T20:29:27","guid":{"rendered":"https:\/\/cybul.eu\/shop\/pasy-sparco-pro-h-9\/"},"modified":"2024-06-06T22:29:34","modified_gmt":"2024-06-06T20:29:34","slug":"pasy-sparco-pro-h-9","status":"publish","type":"product","link":"https:\/\/cybul.eu\/pl\/sklep\/pasy-sparco-pro-h-9\/","title":{"rendered":"PASY SPARCO PRO H-9"},"content":{"rendered":"<p><strong>Pasy bezpiecze\u0144stwa Sparco&nbsp;PRO H-9 &#8211;&nbsp;<\/strong>6 punktowe<\/p>\n<p>Homologacja: <strong>FIA 8853-2016<\/strong><\/p>\n<p>Jest to jeden z najbardziej zaawansowanych pas\u00f3w bezpiecze\u0144stwa, bardzo lekkie metalowe klamry.<br \/>Klamra centralna wykonana z aluminium.<br \/>Pas ramienny &#8211; 2 cale szeroko\u015bci \/ pas biodrowy &#8211; 2 cale szeroko\u015bci.<br \/>Dzi\u0119ki zastosowaniu bardzo lekkiej tkaniny Sparco SPECTRA pasy s\u0105 ultra lekkie, waga oko\u0142o 1,4kg.<br \/>Mo\u017cliwo\u015b\u0107 zamocowana g\u00f3rnych pas\u00f3w do klatki bezpiecze\u0144stwa.<br \/>Pasy boczne mocowanie za pomoc\u0105 karabi\u0144czyk\u00f3w.<\/p>\n<p><strong>Wymiary pas\u00f3w:<br \/><\/strong><strong>1: 600mm<br \/><\/strong><strong>2: 400mm<br \/><\/strong><strong>3: 800mm<br \/><\/strong><strong>4: 150mm<br \/><\/strong><strong>5: 800mm<\/strong>&nbsp;<\/p>\n<p><span style=\"color: #0000ff;\"><strong><img loading=\"lazy\" decoding=\"async\" src=\"\/data\/include\/cms\/Fotele-Sparco-2017\/Wymiary_pasow_Sparco.jpg\" border=\"0\" alt=\"\" width=\"548\" height=\"900\"><\/strong><\/span><\/p>\n","protected":false},"excerpt":{"rendered":"<p><strong>Pasy bezpiecze\u0144stwa Sparco&nbsp;PRO H-9 &#8211;&nbsp;<\/strong>6 punktowe<\/p>\n<p>Homologacja: <strong>FIA 8853-2016<\/strong><\/p>\n<p>Jest to jeden z najbardziej zaawansowanych pas\u00f3w bezpiecze\u0144stwa, bardzo lekkie metalowe klamry.<br \/>Klamra centralna wykonana z aluminium.<br \/>Pas ramienny &#8211; 2 cale szeroko\u015bci \/ pas biodrowy &#8211; 2 cale szeroko\u015bci.<br \/>Dzi\u0119ki zastosowaniu bardzo lekkiej tkaniny Sparco SPECTRA pasy s\u0105 ultra lekkie, waga oko\u0142o 1,4kg.<br \/>Mo\u017cliwo\u015b\u0107 zamocowana g\u00f3rnych pas\u00f3w do klatki bezpiecze\u0144stwa.<br \/>Pasy boczne mocowanie za pomoc\u0105 karabi\u0144czyk\u00f3w.<\/p>\n<p><strong>Wymiary pas\u00f3w:<br \/><\/strong><strong>1: 600mm<br \/><\/strong><strong>2: 400mm<br \/><\/strong><strong>3: 800mm<br \/><\/strong><strong>4: 150mm<br \/><\/strong><strong>5: 800mm<\/strong>&nbsp;<\/p>\n","protected":false},"featured_media":11075,"comment_status":"closed","ping_status":"open","template":"","meta":[],"product_cat":[548,542],"product_tag":[],"class_list":{"0":"post-11269","1":"product","2":"type-product","3":"status-publish","4":"has-post-thumbnail","6":"product_cat-pasy-rajdowe","7":"product_cat-wnetrze","9":"first","10":"instock","11":"taxable","12":"shipping-taxable","13":"purchasable","14":"product-type-simple"},"bundled_by":[],"bundle_stock_status":"instock","bundle_stock_quantity":null,"bundle_virtual":false,"bundle_layout":"","bundle_add_to_cart_form_location":"","bundle_editable_in_cart":false,"bundle_sold_individually_context":"","bundle_item_grouping":"","bundle_min_size":"","bundle_max_size":"","bundle_price":[],"bundled_items":[],"bundle_sell_ids":[],"acf":{"zdjecie_bez_watermarka":null,"zdjecie_bez_watermarka_url":"","product_orgin_url":"https:\/\/inter-rally.pl\/product-eng-1116-Pasy-Sparco-PRO-H-9.html"},"yoast_head":"<!-- This site is optimized with the Yoast SEO plugin v23.9 - https:\/\/yoast.com\/wordpress\/plugins\/seo\/ -->\n<title>PASY SPARCO PRO H-9 - CYBUL<\/title>\n<meta name=\"robots\" content=\"index, follow, max-snippet:-1, max-image-preview:large, max-video-preview:-1\" \/>\n<link rel=\"canonical\" href=\"https:\/\/cybul.eu\/pl\/sklep\/pasy-sparco-pro-h-9\/\" \/>\n<meta property=\"og:locale\" content=\"pl_PL\" \/>\n<meta property=\"og:type\" content=\"article\" \/>\n<meta property=\"og:title\" content=\"PASY SPARCO PRO H-9 - CYBUL\" \/>\n<meta property=\"og:description\" content=\"Pasy bezpiecze\u0144stwa Sparco&nbsp;PRO H-9 -&nbsp;6 punktoweHomologacja: FIA 8853-2016Jest to jeden z najbardziej zaawansowanych pas\u00f3w bezpiecze\u0144stwa, bardzo lekkie metalowe klamry.Klamra centralna wykonana z aluminium.Pas ramienny - 2 cale szeroko\u015bci \/ pas biodrowy - 2 cale szeroko\u015bci.Dzi\u0119ki zastosowaniu bardzo lekkiej tkaniny Sparco SPECTRA pasy s\u0105 ultra lekkie, waga oko\u0142o 1,4kg.Mo\u017cliwo\u015b\u0107 zamocowana g\u00f3rnych pas\u00f3w do klatki bezpiecze\u0144stwa.Pasy boczne mocowanie za pomoc\u0105 karabi\u0144czyk\u00f3w.Wymiary pas\u00f3w:1: 600mm2: 400mm3: 800mm4: 150mm5: 800mm&nbsp;\" \/>\n<meta property=\"og:url\" content=\"https:\/\/cybul.eu\/pl\/sklep\/pasy-sparco-pro-h-9\/\" \/>\n<meta property=\"og:site_name\" content=\"CYBUL\" \/>\n<meta property=\"article:modified_time\" content=\"2024-06-06T20:29:34+00:00\" \/>\n<meta property=\"og:image\" content=\"https:\/\/cybul.eu\/wp-content\/uploads\/2024\/06\/pol_pl_Pasy-Sparco-PRO-H-9-1116_1.jpg\" \/>\n\t<meta property=\"og:image:width\" content=\"900\" \/>\n\t<meta property=\"og:image:height\" content=\"900\" \/>\n\t<meta property=\"og:image:type\" content=\"image\/jpeg\" \/>\n<meta name=\"twitter:card\" content=\"summary_large_image\" \/>\n<script type=\"application\/ld+json\" class=\"yoast-schema-graph\">{\"@context\":\"https:\/\/schema.org\",\"@graph\":[{\"@type\":\"WebPage\",\"@id\":\"https:\/\/cybul.eu\/pl\/sklep\/pasy-sparco-pro-h-9\/\",\"url\":\"https:\/\/cybul.eu\/pl\/sklep\/pasy-sparco-pro-h-9\/\",\"name\":\"PASY SPARCO PRO H-9 - CYBUL\",\"isPartOf\":{\"@id\":\"https:\/\/cybul.eu\/pl\/#website\"},\"primaryImageOfPage\":{\"@id\":\"https:\/\/cybul.eu\/pl\/sklep\/pasy-sparco-pro-h-9\/#primaryimage\"},\"image\":{\"@id\":\"https:\/\/cybul.eu\/pl\/sklep\/pasy-sparco-pro-h-9\/#primaryimage\"},\"thumbnailUrl\":\"https:\/\/cybul.eu\/wp-content\/uploads\/2024\/06\/pol_pl_Pasy-Sparco-PRO-H-9-1116_1.jpg\",\"datePublished\":\"2024-06-06T20:29:27+00:00\",\"dateModified\":\"2024-06-06T20:29:34+00:00\",\"breadcrumb\":{\"@id\":\"https:\/\/cybul.eu\/pl\/sklep\/pasy-sparco-pro-h-9\/#breadcrumb\"},\"inLanguage\":\"pl-PL\",\"potentialAction\":[{\"@type\":\"ReadAction\",\"target\":[\"https:\/\/cybul.eu\/pl\/sklep\/pasy-sparco-pro-h-9\/\"]}]},{\"@type\":\"ImageObject\",\"inLanguage\":\"pl-PL\",\"@id\":\"https:\/\/cybul.eu\/pl\/sklep\/pasy-sparco-pro-h-9\/#primaryimage\",\"url\":\"https:\/\/cybul.eu\/wp-content\/uploads\/2024\/06\/pol_pl_Pasy-Sparco-PRO-H-9-1116_1.jpg\",\"contentUrl\":\"https:\/\/cybul.eu\/wp-content\/uploads\/2024\/06\/pol_pl_Pasy-Sparco-PRO-H-9-1116_1.jpg\",\"width\":900,\"height\":900},{\"@type\":\"BreadcrumbList\",\"@id\":\"https:\/\/cybul.eu\/pl\/sklep\/pasy-sparco-pro-h-9\/#breadcrumb\",\"itemListElement\":[{\"@type\":\"ListItem\",\"position\":1,\"name\":\"Strona g\u0142\u00f3wna\",\"item\":\"https:\/\/cybul.eu\/pl\/\"},{\"@type\":\"ListItem\",\"position\":2,\"name\":\"Sklep\",\"item\":\"https:\/\/cybul.eu\/pl\/sklep\/\"},{\"@type\":\"ListItem\",\"position\":3,\"name\":\"PASY SPARCO PRO H-9\"}]},{\"@type\":\"WebSite\",\"@id\":\"https:\/\/cybul.eu\/pl\/#website\",\"url\":\"https:\/\/cybul.eu\/pl\/\",\"name\":\"CYBUL\",\"description\":\"\",\"potentialAction\":[{\"@type\":\"SearchAction\",\"target\":{\"@type\":\"EntryPoint\",\"urlTemplate\":\"https:\/\/cybul.eu\/pl\/?s={search_term_string}\"},\"query-input\":{\"@type\":\"PropertyValueSpecification\",\"valueRequired\":true,\"valueName\":\"search_term_string\"}}],\"inLanguage\":\"pl-PL\"}]}<\/script>\n<!-- \/ Yoast SEO plugin. -->","yoast_head_json":{"title":"PASY SPARCO PRO H-9 - CYBUL","robots":{"index":"index","follow":"follow","max-snippet":"max-snippet:-1","max-image-preview":"max-image-preview:large","max-video-preview":"max-video-preview:-1"},"canonical":"https:\/\/cybul.eu\/pl\/sklep\/pasy-sparco-pro-h-9\/","og_locale":"pl_PL","og_type":"article","og_title":"PASY SPARCO PRO H-9 - CYBUL","og_description":"Pasy bezpiecze\u0144stwa Sparco&nbsp;PRO H-9 -&nbsp;6 punktoweHomologacja: FIA 8853-2016Jest to jeden z najbardziej zaawansowanych pas\u00f3w bezpiecze\u0144stwa, bardzo lekkie metalowe klamry.Klamra centralna wykonana z aluminium.Pas ramienny - 2 cale szeroko\u015bci \/ pas biodrowy - 2 cale szeroko\u015bci.Dzi\u0119ki zastosowaniu bardzo lekkiej tkaniny Sparco SPECTRA pasy s\u0105 ultra lekkie, waga oko\u0142o 1,4kg.Mo\u017cliwo\u015b\u0107 zamocowana g\u00f3rnych pas\u00f3w do klatki bezpiecze\u0144stwa.Pasy boczne mocowanie za pomoc\u0105 karabi\u0144czyk\u00f3w.Wymiary pas\u00f3w:1: 600mm2: 400mm3: 800mm4: 150mm5: 800mm&nbsp;","og_url":"https:\/\/cybul.eu\/pl\/sklep\/pasy-sparco-pro-h-9\/","og_site_name":"CYBUL","article_modified_time":"2024-06-06T20:29:34+00:00","og_image":[{"width":900,"height":900,"url":"https:\/\/cybul.eu\/wp-content\/uploads\/2024\/06\/pol_pl_Pasy-Sparco-PRO-H-9-1116_1.jpg","type":"image\/jpeg"}],"twitter_card":"summary_large_image","schema":{"@context":"https:\/\/schema.org","@graph":[{"@type":"WebPage","@id":"https:\/\/cybul.eu\/pl\/sklep\/pasy-sparco-pro-h-9\/","url":"https:\/\/cybul.eu\/pl\/sklep\/pasy-sparco-pro-h-9\/","name":"PASY SPARCO PRO H-9 - CYBUL","isPartOf":{"@id":"https:\/\/cybul.eu\/pl\/#website"},"primaryImageOfPage":{"@id":"https:\/\/cybul.eu\/pl\/sklep\/pasy-sparco-pro-h-9\/#primaryimage"},"image":{"@id":"https:\/\/cybul.eu\/pl\/sklep\/pasy-sparco-pro-h-9\/#primaryimage"},"thumbnailUrl":"https:\/\/cybul.eu\/wp-content\/uploads\/2024\/06\/pol_pl_Pasy-Sparco-PRO-H-9-1116_1.jpg","datePublished":"2024-06-06T20:29:27+00:00","dateModified":"2024-06-06T20:29:34+00:00","breadcrumb":{"@id":"https:\/\/cybul.eu\/pl\/sklep\/pasy-sparco-pro-h-9\/#breadcrumb"},"inLanguage":"pl-PL","potentialAction":[{"@type":"ReadAction","target":["https:\/\/cybul.eu\/pl\/sklep\/pasy-sparco-pro-h-9\/"]}]},{"@type":"ImageObject","inLanguage":"pl-PL","@id":"https:\/\/cybul.eu\/pl\/sklep\/pasy-sparco-pro-h-9\/#primaryimage","url":"https:\/\/cybul.eu\/wp-content\/uploads\/2024\/06\/pol_pl_Pasy-Sparco-PRO-H-9-1116_1.jpg","contentUrl":"https:\/\/cybul.eu\/wp-content\/uploads\/2024\/06\/pol_pl_Pasy-Sparco-PRO-H-9-1116_1.jpg","width":900,"height":900},{"@type":"BreadcrumbList","@id":"https:\/\/cybul.eu\/pl\/sklep\/pasy-sparco-pro-h-9\/#breadcrumb","itemListElement":[{"@type":"ListItem","position":1,"name":"Strona g\u0142\u00f3wna","item":"https:\/\/cybul.eu\/pl\/"},{"@type":"ListItem","position":2,"name":"Sklep","item":"https:\/\/cybul.eu\/pl\/sklep\/"},{"@type":"ListItem","position":3,"name":"PASY SPARCO PRO H-9"}]},{"@type":"WebSite","@id":"https:\/\/cybul.eu\/pl\/#website","url":"https:\/\/cybul.eu\/pl\/","name":"CYBUL","description":"","potentialAction":[{"@type":"SearchAction","target":{"@type":"EntryPoint","urlTemplate":"https:\/\/cybul.eu\/pl\/?s={search_term_string}"},"query-input":{"@type":"PropertyValueSpecification","valueRequired":true,"valueName":"search_term_string"}}],"inLanguage":"pl-PL"}]}},"_links":{"self":[{"href":"https:\/\/cybul.eu\/pl\/wp-json\/wp\/v2\/product\/11269","targetHints":{"allow":["GET"]}}],"collection":[{"href":"https:\/\/cybul.eu\/pl\/wp-json\/wp\/v2\/product"}],"about":[{"href":"https:\/\/cybul.eu\/pl\/wp-json\/wp\/v2\/types\/product"}],"replies":[{"embeddable":true,"href":"https:\/\/cybul.eu\/pl\/wp-json\/wp\/v2\/comments?post=11269"}],"wp:featuredmedia":[{"embeddable":true,"href":"https:\/\/cybul.eu\/pl\/wp-json\/wp\/v2\/media\/11075"}],"wp:attachment":[{"href":"https:\/\/cybul.eu\/pl\/wp-json\/wp\/v2\/media?parent=11269"}],"wp:term":[{"taxonomy":"product_cat","embeddable":true,"href":"https:\/\/cybul.eu\/pl\/wp-json\/wp\/v2\/product_cat?post=11269"},{"taxonomy":"product_tag","embeddable":true,"href":"https:\/\/cybul.eu\/pl\/wp-json\/wp\/v2\/product_tag?post=11269"}],"curies":[{"name":"wp","href":"https:\/\/api.w.org\/{rel}","templated":true}]}}

<p><strong>Pasy bezpieczeństwa Sparco&nbsp;PRO H-9 &#8211;&nbsp;</strong>6 punktowe</p>
<p>Homologacja: <strong>FIA 8853-2016</strong></p>
<p>Jest to jeden z najbardziej zaawansowanych pasów bezpieczeństwa, bardzo lekkie metalowe klamry.<br />Klamra centralna wykonana z aluminium.<br />Pas ramienny &#8211; 2 cale szerokości / pas biodrowy &#8211; 2 cale szerokości.<br />Dzięki zastosowaniu bardzo lekkiej tkaniny Sparco SPECTRA pasy są ultra lekkie, waga około 1,4kg.<br />Możliwość zamocowana górnych pasów do klatki bezpieczeństwa.<br />Pasy boczne mocowanie za pomocą karabińczyków.</p>
<p><strong>Wymiary pasów:<br /></strong><strong>1: 600mm<br /></strong><strong>2: 400mm<br /></strong><strong>3: 800mm<br /></strong><strong>4: 150mm<br /></strong><strong>5: 800mm</strong>&nbsp;</p>
<p><span style="color: #0000ff;"><strong><img loading="lazy" decoding="async" src="/data/include/cms/Fotele-Sparco-2017/Wymiary_pasow_Sparco.jpg" border="0" alt="" width="548" height="900"></strong></span></p>

<p><strong>Pasy bezpieczeństwa Sparco&nbsp;PRO H-9 &#8211;&nbsp;</strong>6 punktowe</p>
<p>Homologacja: <strong>FIA 8853-2016</strong></p>
<p>Jest to jeden z najbardziej zaawansowanych pasów bezpieczeństwa, bardzo lekkie metalowe klamry.<br />Klamra centralna wykonana z aluminium.<br />Pas ramienny &#8211; 2 cale szerokości / pas biodrowy &#8211; 2 cale szerokości.<br />Dzięki zastosowaniu bardzo lekkiej tkaniny Sparco SPECTRA pasy są ultra lekkie, waga około 1,4kg.<br />Możliwość zamocowana górnych pasów do klatki bezpieczeństwa.<br />Pasy boczne mocowanie za pomocą karabińczyków.</p>
<p><strong>Wymiary pasów:<br /></strong><strong>1: 600mm<br /></strong><strong>2: 400mm<br /></strong><strong>3: 800mm<br /></strong><strong>4: 150mm<br /></strong><strong>5: 800mm</strong>&nbsp;</p>

<!-- This site is optimized with the Yoast SEO plugin v23.9 - https://yoast.com/wordpress/plugins/seo/ -->
<title>PASY SPARCO PRO H-9 - CYBUL</title>
<meta name="robots" content="index, follow, max-snippet:-1, max-image-preview:large, max-video-preview:-1" />
<link rel="canonical" href="https://cybul.eu/pl/sklep/pasy-sparco-pro-h-9/" />
<meta property="og:locale" content="pl_PL" />
<meta property="og:type" content="article" />
<meta property="og:title" content="PASY SPARCO PRO H-9 - CYBUL" />
<meta property="og:description" content="Pasy bezpieczeństwa Sparco&nbsp;PRO H-9 -&nbsp;6 punktoweHomologacja: FIA 8853-2016Jest to jeden z najbardziej zaawansowanych pasów bezpieczeństwa, bardzo lekkie metalowe klamry.Klamra centralna wykonana z aluminium.Pas ramienny - 2 cale szerokości / pas biodrowy - 2 cale szerokości.Dzięki zastosowaniu bardzo lekkiej tkaniny Sparco SPECTRA pasy są ultra lekkie, waga około 1,4kg.Możliwość zamocowana górnych pasów do klatki bezpieczeństwa.Pasy boczne mocowanie za pomocą karabińczyków.Wymiary pasów:1: 600mm2: 400mm3: 800mm4: 150mm5: 800mm&nbsp;" />
<meta property="og:url" content="https://cybul.eu/pl/sklep/pasy-sparco-pro-h-9/" />
<meta property="og:site_name" content="CYBUL" />
<meta property="article:modified_time" content="2024-06-06T20:29:34+00:00" />
<meta property="og:image" content="https://cybul.eu/wp-content/uploads/2024/06/pol_pl_Pasy-Sparco-PRO-H-9-1116_1.jpg" />
	<meta property="og:image:width" content="900" />
	<meta property="og:image:height" content="900" />
	<meta property="og:image:type" content="image/jpeg" />
<meta name="twitter:card" content="summary_large_image" />
<script type="application/ld+json" class="yoast-schema-graph">{"@context":"https://schema.org","@graph":[{"@type":"WebPage","@id":"https://cybul.eu/pl/sklep/pasy-sparco-pro-h-9/","url":"https://cybul.eu/pl/sklep/pasy-sparco-pro-h-9/","name":"PASY SPARCO PRO H-9 - CYBUL","isPartOf":{"@id":"https://cybul.eu/pl/#website"},"primaryImageOfPage":{"@id":"https://cybul.eu/pl/sklep/pasy-sparco-pro-h-9/#primaryimage"},"image":{"@id":"https://cybul.eu/pl/sklep/pasy-sparco-pro-h-9/#primaryimage"},"thumbnailUrl":"https://cybul.eu/wp-content/uploads/2024/06/pol_pl_Pasy-Sparco-PRO-H-9-1116_1.jpg","datePublished":"2024-06-06T20:29:27+00:00","dateModified":"2024-06-06T20:29:34+00:00","breadcrumb":{"@id":"https://cybul.eu/pl/sklep/pasy-sparco-pro-h-9/#breadcrumb"},"inLanguage":"pl-PL","potentialAction":[{"@type":"ReadAction","target":["https://cybul.eu/pl/sklep/pasy-sparco-pro-h-9/"]}]},{"@type":"ImageObject","inLanguage":"pl-PL","@id":"https://cybul.eu/pl/sklep/pasy-sparco-pro-h-9/#primaryimage","url":"https://cybul.eu/wp-content/uploads/2024/06/pol_pl_Pasy-Sparco-PRO-H-9-1116_1.jpg","contentUrl":"https://cybul.eu/wp-content/uploads/2024/06/pol_pl_Pasy-Sparco-PRO-H-9-1116_1.jpg","width":900,"height":900},{"@type":"BreadcrumbList","@id":"https://cybul.eu/pl/sklep/pasy-sparco-pro-h-9/#breadcrumb","itemListElement":[{"@type":"ListItem","position":1,"name":"Strona główna","item":"https://cybul.eu/pl/"},{"@type":"ListItem","position":2,"name":"Sklep","item":"https://cybul.eu/pl/sklep/"},{"@type":"ListItem","position":3,"name":"PASY SPARCO PRO H-9"}]},{"@type":"WebSite","@id":"https://cybul.eu/pl/#website","url":"https://cybul.eu/pl/","name":"CYBUL","description":"","potentialAction":[{"@type":"SearchAction","target":{"@type":"EntryPoint","urlTemplate":"https://cybul.eu/pl/?s={search_term_string}"},"query-input":{"@type":"PropertyValueSpecification","valueRequired":true,"valueName":"search_term_string"}}],"inLanguage":"pl-PL"}]}</script>
<!-- / Yoast SEO plugin. -->

Pasy bezpieczeństwa Sparco&nbsp;PRO H-9 -&nbsp;6 punktoweHomologacja: FIA 8853-2016Jest to jeden z najbardziej zaawansowanych pasów bezpieczeństwa, bardzo lekkie metalowe klamry.Klamra centralna wykonana z aluminium.Pas ramienny - 2 cale szerokości / pas biodrowy - 2 cale szerokości.Dzięki zastosowaniu bardzo lekkiej tkaniny Sparco SPECTRA pasy są ultra lekkie, waga około 1,4kg.Możliwość zamocowana górnych pasów do klatki bezpieczeństwa.Pasy boczne mocowanie za pomocą karabińczyków.Wymiary pasów:1: 600mm2: 400mm3: 800mm4: 150mm5: 800mm&nbsp;

Strona główna
