{"id":10622,"date":"2024-06-06T19:48:20","date_gmt":"2024-06-06T17:48:20","guid":{"rendered":"https:\/\/cybul.eu\/shop\/fotel-sabelt-gt-e\/"},"modified":"2024-06-06T19:48:23","modified_gmt":"2024-06-06T17:48:23","slug":"fotel-sabelt-gt-e","status":"publish","type":"product","link":"https:\/\/cybul.eu\/pl\/sklep\/fotel-sabelt-gt-e\/","title":{"rendered":"FOTEL SABELT GT-E"},"content":{"rendered":"<p><strong>Fotel Sabelt GT-E FIA<\/p>\n<p>Homologacja FIA 8862-2009&nbsp;<span style=\"color: #ff0000;\">(wa\u017cna 10 lat od daty produkcji!)<\/span><\/strong><\/p>\n<p>GT-E&nbsp;zosta\u0142 opracowany do konkretnego zastosowania na torze. Komfort i bezpiecze\u0144stwo powstaje dzi\u0119ki nieistotnemu badaniu ergonomii i wielu test\u00f3w z udzia\u0142em zawodowych kierowc\u00f3w.<br \/>Przeznaczony tylko do u\u017cycia na torze.<\/p>\n<p>&#8211; Konstrukcja z w\u0142\u00f3kna w\u0119glowego (carbonu)<br \/>&#8211; Oddychaj\u0105ca tkanina<br \/>&#8211; Przystosowany do mocowa\u0144 bocznych<br \/>&#8211; Wymienne poduszki<br \/>&#8211; Kompatybilny z systemem HANS<br \/>&#8211; Posiada&nbsp;5 otwor\u00f3w na pasy<br \/>&#8211; Waga: 15,0 kg<\/p>\n<p><img loading=\"lazy\" decoding=\"async\" style=\"display: block; margin-left: auto; margin-right: auto;\" src=\"\/data\/include\/cms\/rozmiary\/Sabelt\/Fotele-2018\/gt-625-rozmiary.jpg\" border=\"0\" width=\"750\" height=\"977\"><\/p>\n","protected":false},"excerpt":{"rendered":"<p><strong>Fotel Sabelt GT-E FIA<\/p>\n<p>Homologacja FIA 8862-2009&nbsp;<span style=\"color: #ff0000;\">(wa\u017cna 10 lat od daty produkcji!)<\/span><\/strong><\/p>\n<p>GT-E&nbsp;zosta\u0142 opracowany do konkretnego zastosowania na torze. Komfort i bezpiecze\u0144stwo powstaje dzi\u0119ki nieistotnemu badaniu ergonomii i wielu test\u00f3w z udzia\u0142em zawodowych kierowc\u00f3w.<br \/>Przeznaczony tylko do u\u017cycia na torze.<\/p>\n<p>&#8211; Konstrukcja z w\u0142\u00f3kna w\u0119glowego (carbonu)<br \/>&#8211; Oddychaj\u0105ca tkanina<br \/>&#8211; Przystosowany do mocowa\u0144 bocznych<br \/>&#8211; Wymienne poduszki<br \/>&#8211; Kompatybilny z systemem HANS<br \/>&#8211; Posiada&nbsp;5 otwor\u00f3w na pasy<br \/>&#8211; Waga: 15,0 kg<\/p>\n<p><img loading=\"lazy\" decoding=\"async\" style=\"display: block; margin-left: auto; margin-right: auto;\" src=\"\/data\/include\/cms\/rozmiary\/Sabelt\/Fotele-2018\/gt-625-rozmiary.jpg\" border=\"0\" width=\"750\" height=\"977\"><\/p>\n","protected":false},"featured_media":10494,"comment_status":"closed","ping_status":"open","template":"","meta":[],"product_cat":[546,542],"product_tag":[],"class_list":{"0":"post-10622","1":"product","2":"type-product","3":"status-publish","4":"has-post-thumbnail","6":"product_cat-fotele-rajdowe-z-homologacja-fia","7":"product_cat-wnetrze","9":"first","10":"instock","11":"taxable","12":"shipping-taxable","13":"purchasable","14":"product-type-simple"},"bundled_by":[],"bundle_stock_status":"instock","bundle_stock_quantity":null,"bundle_virtual":false,"bundle_layout":"","bundle_add_to_cart_form_location":"","bundle_editable_in_cart":false,"bundle_sold_individually_context":"","bundle_item_grouping":"","bundle_min_size":"","bundle_max_size":"","bundle_price":[],"bundled_items":[],"bundle_sell_ids":[],"acf":{"zdjecie_bez_watermarka":null,"zdjecie_bez_watermarka_url":"","product_orgin_url":"https:\/\/inter-rally.pl\/product-eng-50795-Fotel-Sabelt-GT-E.html"},"yoast_head":"<!-- This site is optimized with the Yoast SEO plugin v23.9 - https:\/\/yoast.com\/wordpress\/plugins\/seo\/ -->\n<title>FOTEL SABELT GT-E - CYBUL<\/title>\n<meta name=\"robots\" content=\"index, follow, max-snippet:-1, max-image-preview:large, max-video-preview:-1\" \/>\n<link rel=\"canonical\" href=\"https:\/\/cybul.eu\/pl\/sklep\/fotel-sabelt-gt-e\/\" \/>\n<meta property=\"og:locale\" content=\"pl_PL\" \/>\n<meta property=\"og:type\" content=\"article\" \/>\n<meta property=\"og:title\" content=\"FOTEL SABELT GT-E - CYBUL\" \/>\n<meta property=\"og:description\" content=\"Fotel Sabelt GT-E FIAHomologacja FIA 8862-2009&nbsp;(wa\u017cna 10 lat od daty produkcji!)GT-E&nbsp;zosta\u0142 opracowany do konkretnego zastosowania na torze. Komfort i bezpiecze\u0144stwo powstaje dzi\u0119ki nieistotnemu badaniu ergonomii i wielu test\u00f3w z udzia\u0142em zawodowych kierowc\u00f3w.Przeznaczony tylko do u\u017cycia na torze.- Konstrukcja z w\u0142\u00f3kna w\u0119glowego (carbonu)- Oddychaj\u0105ca tkanina- Przystosowany do mocowa\u0144 bocznych- Wymienne poduszki- Kompatybilny z systemem HANS- Posiada&nbsp;5 otwor\u00f3w na pasy- Waga: 15,0 kg\" \/>\n<meta property=\"og:url\" content=\"https:\/\/cybul.eu\/pl\/sklep\/fotel-sabelt-gt-e\/\" \/>\n<meta property=\"og:site_name\" content=\"CYBUL\" \/>\n<meta property=\"article:modified_time\" content=\"2024-06-06T17:48:23+00:00\" \/>\n<meta property=\"og:image\" content=\"https:\/\/cybul.eu\/wp-content\/uploads\/2024\/06\/pol_pl_Fotel-Sabelt-GT-E-50795_1.jpg\" \/>\n\t<meta property=\"og:image:width\" content=\"900\" \/>\n\t<meta property=\"og:image:height\" content=\"900\" \/>\n\t<meta property=\"og:image:type\" content=\"image\/jpeg\" \/>\n<meta name=\"twitter:card\" content=\"summary_large_image\" \/>\n<script type=\"application\/ld+json\" class=\"yoast-schema-graph\">{\"@context\":\"https:\/\/schema.org\",\"@graph\":[{\"@type\":\"WebPage\",\"@id\":\"https:\/\/cybul.eu\/pl\/sklep\/fotel-sabelt-gt-e\/\",\"url\":\"https:\/\/cybul.eu\/pl\/sklep\/fotel-sabelt-gt-e\/\",\"name\":\"FOTEL SABELT GT-E - CYBUL\",\"isPartOf\":{\"@id\":\"https:\/\/cybul.eu\/pl\/#website\"},\"primaryImageOfPage\":{\"@id\":\"https:\/\/cybul.eu\/pl\/sklep\/fotel-sabelt-gt-e\/#primaryimage\"},\"image\":{\"@id\":\"https:\/\/cybul.eu\/pl\/sklep\/fotel-sabelt-gt-e\/#primaryimage\"},\"thumbnailUrl\":\"https:\/\/cybul.eu\/wp-content\/uploads\/2024\/06\/pol_pl_Fotel-Sabelt-GT-E-50795_1.jpg\",\"datePublished\":\"2024-06-06T17:48:20+00:00\",\"dateModified\":\"2024-06-06T17:48:23+00:00\",\"breadcrumb\":{\"@id\":\"https:\/\/cybul.eu\/pl\/sklep\/fotel-sabelt-gt-e\/#breadcrumb\"},\"inLanguage\":\"pl-PL\",\"potentialAction\":[{\"@type\":\"ReadAction\",\"target\":[\"https:\/\/cybul.eu\/pl\/sklep\/fotel-sabelt-gt-e\/\"]}]},{\"@type\":\"ImageObject\",\"inLanguage\":\"pl-PL\",\"@id\":\"https:\/\/cybul.eu\/pl\/sklep\/fotel-sabelt-gt-e\/#primaryimage\",\"url\":\"https:\/\/cybul.eu\/wp-content\/uploads\/2024\/06\/pol_pl_Fotel-Sabelt-GT-E-50795_1.jpg\",\"contentUrl\":\"https:\/\/cybul.eu\/wp-content\/uploads\/2024\/06\/pol_pl_Fotel-Sabelt-GT-E-50795_1.jpg\",\"width\":900,\"height\":900},{\"@type\":\"BreadcrumbList\",\"@id\":\"https:\/\/cybul.eu\/pl\/sklep\/fotel-sabelt-gt-e\/#breadcrumb\",\"itemListElement\":[{\"@type\":\"ListItem\",\"position\":1,\"name\":\"Strona g\u0142\u00f3wna\",\"item\":\"https:\/\/cybul.eu\/pl\/\"},{\"@type\":\"ListItem\",\"position\":2,\"name\":\"Sklep\",\"item\":\"https:\/\/cybul.eu\/pl\/sklep\/\"},{\"@type\":\"ListItem\",\"position\":3,\"name\":\"FOTEL SABELT GT-E\"}]},{\"@type\":\"WebSite\",\"@id\":\"https:\/\/cybul.eu\/pl\/#website\",\"url\":\"https:\/\/cybul.eu\/pl\/\",\"name\":\"CYBUL\",\"description\":\"\",\"potentialAction\":[{\"@type\":\"SearchAction\",\"target\":{\"@type\":\"EntryPoint\",\"urlTemplate\":\"https:\/\/cybul.eu\/pl\/?s={search_term_string}\"},\"query-input\":{\"@type\":\"PropertyValueSpecification\",\"valueRequired\":true,\"valueName\":\"search_term_string\"}}],\"inLanguage\":\"pl-PL\"}]}<\/script>\n<!-- \/ Yoast SEO plugin. -->","yoast_head_json":{"title":"FOTEL SABELT GT-E - CYBUL","robots":{"index":"index","follow":"follow","max-snippet":"max-snippet:-1","max-image-preview":"max-image-preview:large","max-video-preview":"max-video-preview:-1"},"canonical":"https:\/\/cybul.eu\/pl\/sklep\/fotel-sabelt-gt-e\/","og_locale":"pl_PL","og_type":"article","og_title":"FOTEL SABELT GT-E - CYBUL","og_description":"Fotel Sabelt GT-E FIAHomologacja FIA 8862-2009&nbsp;(wa\u017cna 10 lat od daty produkcji!)GT-E&nbsp;zosta\u0142 opracowany do konkretnego zastosowania na torze. Komfort i bezpiecze\u0144stwo powstaje dzi\u0119ki nieistotnemu badaniu ergonomii i wielu test\u00f3w z udzia\u0142em zawodowych kierowc\u00f3w.Przeznaczony tylko do u\u017cycia na torze.- Konstrukcja z w\u0142\u00f3kna w\u0119glowego (carbonu)- Oddychaj\u0105ca tkanina- Przystosowany do mocowa\u0144 bocznych- Wymienne poduszki- Kompatybilny z systemem HANS- Posiada&nbsp;5 otwor\u00f3w na pasy- Waga: 15,0 kg","og_url":"https:\/\/cybul.eu\/pl\/sklep\/fotel-sabelt-gt-e\/","og_site_name":"CYBUL","article_modified_time":"2024-06-06T17:48:23+00:00","og_image":[{"width":900,"height":900,"url":"https:\/\/cybul.eu\/wp-content\/uploads\/2024\/06\/pol_pl_Fotel-Sabelt-GT-E-50795_1.jpg","type":"image\/jpeg"}],"twitter_card":"summary_large_image","schema":{"@context":"https:\/\/schema.org","@graph":[{"@type":"WebPage","@id":"https:\/\/cybul.eu\/pl\/sklep\/fotel-sabelt-gt-e\/","url":"https:\/\/cybul.eu\/pl\/sklep\/fotel-sabelt-gt-e\/","name":"FOTEL SABELT GT-E - CYBUL","isPartOf":{"@id":"https:\/\/cybul.eu\/pl\/#website"},"primaryImageOfPage":{"@id":"https:\/\/cybul.eu\/pl\/sklep\/fotel-sabelt-gt-e\/#primaryimage"},"image":{"@id":"https:\/\/cybul.eu\/pl\/sklep\/fotel-sabelt-gt-e\/#primaryimage"},"thumbnailUrl":"https:\/\/cybul.eu\/wp-content\/uploads\/2024\/06\/pol_pl_Fotel-Sabelt-GT-E-50795_1.jpg","datePublished":"2024-06-06T17:48:20+00:00","dateModified":"2024-06-06T17:48:23+00:00","breadcrumb":{"@id":"https:\/\/cybul.eu\/pl\/sklep\/fotel-sabelt-gt-e\/#breadcrumb"},"inLanguage":"pl-PL","potentialAction":[{"@type":"ReadAction","target":["https:\/\/cybul.eu\/pl\/sklep\/fotel-sabelt-gt-e\/"]}]},{"@type":"ImageObject","inLanguage":"pl-PL","@id":"https:\/\/cybul.eu\/pl\/sklep\/fotel-sabelt-gt-e\/#primaryimage","url":"https:\/\/cybul.eu\/wp-content\/uploads\/2024\/06\/pol_pl_Fotel-Sabelt-GT-E-50795_1.jpg","contentUrl":"https:\/\/cybul.eu\/wp-content\/uploads\/2024\/06\/pol_pl_Fotel-Sabelt-GT-E-50795_1.jpg","width":900,"height":900},{"@type":"BreadcrumbList","@id":"https:\/\/cybul.eu\/pl\/sklep\/fotel-sabelt-gt-e\/#breadcrumb","itemListElement":[{"@type":"ListItem","position":1,"name":"Strona g\u0142\u00f3wna","item":"https:\/\/cybul.eu\/pl\/"},{"@type":"ListItem","position":2,"name":"Sklep","item":"https:\/\/cybul.eu\/pl\/sklep\/"},{"@type":"ListItem","position":3,"name":"FOTEL SABELT GT-E"}]},{"@type":"WebSite","@id":"https:\/\/cybul.eu\/pl\/#website","url":"https:\/\/cybul.eu\/pl\/","name":"CYBUL","description":"","potentialAction":[{"@type":"SearchAction","target":{"@type":"EntryPoint","urlTemplate":"https:\/\/cybul.eu\/pl\/?s={search_term_string}"},"query-input":{"@type":"PropertyValueSpecification","valueRequired":true,"valueName":"search_term_string"}}],"inLanguage":"pl-PL"}]}},"_links":{"self":[{"href":"https:\/\/cybul.eu\/pl\/wp-json\/wp\/v2\/product\/10622","targetHints":{"allow":["GET"]}}],"collection":[{"href":"https:\/\/cybul.eu\/pl\/wp-json\/wp\/v2\/product"}],"about":[{"href":"https:\/\/cybul.eu\/pl\/wp-json\/wp\/v2\/types\/product"}],"replies":[{"embeddable":true,"href":"https:\/\/cybul.eu\/pl\/wp-json\/wp\/v2\/comments?post=10622"}],"wp:featuredmedia":[{"embeddable":true,"href":"https:\/\/cybul.eu\/pl\/wp-json\/wp\/v2\/media\/10494"}],"wp:attachment":[{"href":"https:\/\/cybul.eu\/pl\/wp-json\/wp\/v2\/media?parent=10622"}],"wp:term":[{"taxonomy":"product_cat","embeddable":true,"href":"https:\/\/cybul.eu\/pl\/wp-json\/wp\/v2\/product_cat?post=10622"},{"taxonomy":"product_tag","embeddable":true,"href":"https:\/\/cybul.eu\/pl\/wp-json\/wp\/v2\/product_tag?post=10622"}],"curies":[{"name":"wp","href":"https:\/\/api.w.org\/{rel}","templated":true}]}}

<p><strong>Fotel Sabelt GT-E FIA</p>
<p>Homologacja FIA 8862-2009&nbsp;<span style="color: #ff0000;">(ważna 10 lat od daty produkcji!)</span></strong></p>
<p>GT-E&nbsp;został opracowany do konkretnego zastosowania na torze. Komfort i bezpieczeństwo powstaje dzięki nieistotnemu badaniu ergonomii i wielu testów z udziałem zawodowych kierowców.<br />Przeznaczony tylko do użycia na torze.</p>
<p>&#8211; Konstrukcja z włókna węglowego (carbonu)<br />&#8211; Oddychająca tkanina<br />&#8211; Przystosowany do mocowań bocznych<br />&#8211; Wymienne poduszki<br />&#8211; Kompatybilny z systemem HANS<br />&#8211; Posiada&nbsp;5 otworów na pasy<br />&#8211; Waga: 15,0 kg</p>
<p><img loading="lazy" decoding="async" style="display: block; margin-left: auto; margin-right: auto;" src="/data/include/cms/rozmiary/Sabelt/Fotele-2018/gt-625-rozmiary.jpg" border="0" width="750" height="977"></p>

<!-- This site is optimized with the Yoast SEO plugin v23.9 - https://yoast.com/wordpress/plugins/seo/ -->
<title>FOTEL SABELT GT-E - CYBUL</title>
<meta name="robots" content="index, follow, max-snippet:-1, max-image-preview:large, max-video-preview:-1" />
<link rel="canonical" href="https://cybul.eu/pl/sklep/fotel-sabelt-gt-e/" />
<meta property="og:locale" content="pl_PL" />
<meta property="og:type" content="article" />
<meta property="og:title" content="FOTEL SABELT GT-E - CYBUL" />
<meta property="og:description" content="Fotel Sabelt GT-E FIAHomologacja FIA 8862-2009&nbsp;(ważna 10 lat od daty produkcji!)GT-E&nbsp;został opracowany do konkretnego zastosowania na torze. Komfort i bezpieczeństwo powstaje dzięki nieistotnemu badaniu ergonomii i wielu testów z udziałem zawodowych kierowców.Przeznaczony tylko do użycia na torze.- Konstrukcja z włókna węglowego (carbonu)- Oddychająca tkanina- Przystosowany do mocowań bocznych- Wymienne poduszki- Kompatybilny z systemem HANS- Posiada&nbsp;5 otworów na pasy- Waga: 15,0 kg" />
<meta property="og:url" content="https://cybul.eu/pl/sklep/fotel-sabelt-gt-e/" />
<meta property="og:site_name" content="CYBUL" />
<meta property="article:modified_time" content="2024-06-06T17:48:23+00:00" />
<meta property="og:image" content="https://cybul.eu/wp-content/uploads/2024/06/pol_pl_Fotel-Sabelt-GT-E-50795_1.jpg" />
	<meta property="og:image:width" content="900" />
	<meta property="og:image:height" content="900" />
	<meta property="og:image:type" content="image/jpeg" />
<meta name="twitter:card" content="summary_large_image" />
<script type="application/ld+json" class="yoast-schema-graph">{"@context":"https://schema.org","@graph":[{"@type":"WebPage","@id":"https://cybul.eu/pl/sklep/fotel-sabelt-gt-e/","url":"https://cybul.eu/pl/sklep/fotel-sabelt-gt-e/","name":"FOTEL SABELT GT-E - CYBUL","isPartOf":{"@id":"https://cybul.eu/pl/#website"},"primaryImageOfPage":{"@id":"https://cybul.eu/pl/sklep/fotel-sabelt-gt-e/#primaryimage"},"image":{"@id":"https://cybul.eu/pl/sklep/fotel-sabelt-gt-e/#primaryimage"},"thumbnailUrl":"https://cybul.eu/wp-content/uploads/2024/06/pol_pl_Fotel-Sabelt-GT-E-50795_1.jpg","datePublished":"2024-06-06T17:48:20+00:00","dateModified":"2024-06-06T17:48:23+00:00","breadcrumb":{"@id":"https://cybul.eu/pl/sklep/fotel-sabelt-gt-e/#breadcrumb"},"inLanguage":"pl-PL","potentialAction":[{"@type":"ReadAction","target":["https://cybul.eu/pl/sklep/fotel-sabelt-gt-e/"]}]},{"@type":"ImageObject","inLanguage":"pl-PL","@id":"https://cybul.eu/pl/sklep/fotel-sabelt-gt-e/#primaryimage","url":"https://cybul.eu/wp-content/uploads/2024/06/pol_pl_Fotel-Sabelt-GT-E-50795_1.jpg","contentUrl":"https://cybul.eu/wp-content/uploads/2024/06/pol_pl_Fotel-Sabelt-GT-E-50795_1.jpg","width":900,"height":900},{"@type":"BreadcrumbList","@id":"https://cybul.eu/pl/sklep/fotel-sabelt-gt-e/#breadcrumb","itemListElement":[{"@type":"ListItem","position":1,"name":"Strona główna","item":"https://cybul.eu/pl/"},{"@type":"ListItem","position":2,"name":"Sklep","item":"https://cybul.eu/pl/sklep/"},{"@type":"ListItem","position":3,"name":"FOTEL SABELT GT-E"}]},{"@type":"WebSite","@id":"https://cybul.eu/pl/#website","url":"https://cybul.eu/pl/","name":"CYBUL","description":"","potentialAction":[{"@type":"SearchAction","target":{"@type":"EntryPoint","urlTemplate":"https://cybul.eu/pl/?s={search_term_string}"},"query-input":{"@type":"PropertyValueSpecification","valueRequired":true,"valueName":"search_term_string"}}],"inLanguage":"pl-PL"}]}</script>
<!-- / Yoast SEO plugin. -->

Fotel Sabelt GT-E FIAHomologacja FIA 8862-2009&nbsp;(ważna 10 lat od daty produkcji!)GT-E&nbsp;został opracowany do konkretnego zastosowania na torze. Komfort i bezpieczeństwo powstaje dzięki nieistotnemu badaniu ergonomii i wielu testów z udziałem zawodowych kierowców.Przeznaczony tylko do użycia na torze.- Konstrukcja z włókna węglowego (carbonu)- Oddychająca tkanina- Przystosowany do mocowań bocznych- Wymienne poduszki- Kompatybilny z systemem HANS- Posiada&nbsp;5 otworów na pasy- Waga: 15,0 kg

Strona główna
